ose 0 = -t + c*t - 95. What is the greatest common factor of 38 and t?
19
Suppose 0 = 4*v + g - 19 - 29, -4*g - 12 = -v. Calculate the greatest common divisor of v and 8.
4
Suppose -5*x = 5, 2*x - 538 = -d - 3*d. Calculate the highest common divisor of 27 and d.
27
Let c(h) = -h**2 + 15*h - 24. Let i be c(7). What is the greatest common factor of i and 4?
4
Let l = -108 + 198. Calculate the highest common factor of l and 36.
18
Let b = 1 + 2. Suppose -120 = -2*f - 2*w, 8 = b*w - 7. Calculate the highest common factor of 22 and f.
11
Let k be 1/(6/9 - 1). Let y be k + 1 - 68/(-1). Calculate the greatest common factor of y and 6.
6
Let y(o) = 11*o + 25*o**2 + 0*o - 8*o - 1. Let q be y(2). Calculate the greatest common factor of 15 and q.
15
Let u be ((-1)/(-1))/((-2)/(-14)). Suppose -5*m + 140 = -m. Calculate the highest common factor of u and m.
7
Let p = -109 - -189. Let z be 0 - -4*2 - -2. Calculate the highest common divisor of p and z.
10
Let n(s) = -s**3 - s - 1. Let w be n(-1). Let g(a) = 6*a + 5 - 3 + 2*a**2 + 1. Let o be g(-4). What is the greatest common factor of w and o?
1
Let u be (-3 - (-2 - 1)) + 1. Suppose u + 6 = f - y, -2*f + y + 9 = 0. What is the greatest common factor of 1 and f?
1
Suppose 5*s - 4*y - 488 = 0, -2*y + 197 = 2*s - 3*y. Let h = -11 + 21. What is the greatest common factor of s and h?
10
Suppose -j = -5*t - 5*j, 4*j = 3*t + 32. Let f = 2 + t. Let z(q) = q**3 + 4*q**2 + 2*q + 1. Let l be z(f). What is the greatest common divisor of l and 15?
5
Suppose a + 2 = 3*a. Let d(l) = l**3 + 2*l**2 + l - 2. Let k be d(a). What is the greatest common divisor of k and 10?
2
Let m = 17 + -48. Let u = 76 + m. What is the greatest common divisor of u and 9?
9
Let s = -6 - -20. What is the highest common divisor of s and 35?
7
Let w be 8/(-16) + 10/(-4). Let y(n) = 5*n**2 + 3*n + 3. Let k be y(w). Suppose k - 3 = 3*b. What is the highest common divisor of b and 18?
6
Suppose 169*m + 6 = 171*m. Suppose -6*s = -3*s - c - 45, -4*s + 3*c + 60 = 0. Calculate the greatest common factor of s and m.
3
Suppose -6*x = x - 168. Calculate the greatest common divisor of x and 3.
3
Suppose -u = 2*u - 60. Let a be (-1 + 0)*-2*20. What is the highest common divisor of u and a?
20
Suppose 0 = -5*z + 5*b + 40, -2*z = 2*b - 8 - 20. Calculate the greatest common divisor of z and 1.
1
Let p = -12 - -17. Suppose -v + 5*r = r - 32, -5*r + 210 = p*v. What is the highest common factor of v and 60?
20
Let k(i) = i + 9. Let v be k(7). Calculate the highest common divisor of 128 and v.
16
Suppose 4*s - 8 = -0*s + 3*y, 4*y + 4 = 4*s. Suppose -4*o - 5 + 21 = 4*b, s*o = 10. Suppose b*d = 39 + 45. What is the highest common factor of 6 and d?
6
Let y be (0 + 3)/((-6)/(-14)). Suppose -4*l + 11*l = 343. Calculate the greatest common divisor of y and l.
7
Suppose -3*j = 3*o + 3, j = 6*j + 4*o + 1. Calculate the greatest common factor of 1 and j.
1
Suppose 0 = 5*h - 248 - 152. Suppose 0 = -2*b - 5*u + 20, 0 = 2*b - 5*u + 3*u - 20. Calculate the greatest common factor of h and b.
10
Let o(u) = u**3 + 4*u**2 + 2. Let y(w) = -4*w**2 + w + 1. Let m be y(-1). Let p be o(m). Let t be (6/2)/(2/p). Calculate the greatest common divisor of 1 and t.
1
Let y(u) = -5*u. Suppose -v - 3*v = -4*n - 12, -3*v = -5*n - 13. Let j be y(n). What is the greatest common divisor of j and 30?
10
Let d be (-6 + 4)/(4/14). Let u(m) = -m**3 - 7*m**2 - 4*m + 8. Let b be u(d). What is the greatest common divisor of b and 9?
9
Suppose 3 = 2*f + 4*o - o, 5*f = 2*o - 40. Let u be (-6)/(0 + 9/f). Suppose -t - 4*h = -7, 3*t + h + 17 = u*t. What is the greatest common factor of 60 and t?
15
Let t be (-12)/(-15)*(-5)/(-2). Let n = 4 - t. Let x be n/(0 - (-2)/24). What is the highest common factor of 36 and x?
12
Let v be -30 - (3/1 - 0). Let w = v + 123. What is the greatest common divisor of 36 and w?
18
Let t be 2/((4/14)/1). Let o(j) = 3*j - 20. Let y be o(9). What is the highest common factor of y and t?
7
Suppose 3*i - 55 = 5*s, 0*i - 55 = 5*s - 5*i. Let x(u) = -2*u + 9. Let z be x(s). What is the greatest common factor of 155 and z?
31
Let i be 6/2 - (-61 - 8). Calculate the greatest common factor of 8 and i.
8
Suppose -3*y + 20 + 1 = 0. Let f(g) = -4 + g**2 + 0*g - 2*g + g + y. Let o be f(0). What is the greatest common factor of 6 and o?
3
Let r(o) = o**3 + 7*o**2 - 5*o + 5. Let v be r(-7). Suppose 4*x - 54 = -14. Calculate the greatest common divisor of v and x.
10
Let o = -17 + 7. Let q(w) = -w + 6. Let m be q(o). Calculate the greatest common divisor of m and 64.
16
Suppose -17 = 4*d - 157. What is the greatest common factor of 14 and d?
7
Let y be 10/6 + (-7)/(-21). Calculate the highest common factor of y and 6.
2
Let v = -383 - -548. What is the greatest common divisor of 15 and v?
15
Let q = 83 - 72. Calculate the greatest common divisor of 11 and q.
11
Let q be (0 + 39/9)*3. Suppose 3*o - 137 = 253. What is the highest common factor of q and o?
13
Suppose -7*f = -10*f + 126. What is the highest common factor of 336 and f?
42
Let j be (-4)/(-2 + (-36)/(-15)). Suppose -2*s + 16 = -18. Let f = j + s. What is the greatest common factor of f and 14?
7
Suppose l + 2*l = -90. Let k be 84*(l/(-9))/5. Suppose 2*a - 5*a = -24. Calculate the greatest common divisor of a and k.
8
Suppose -2*b = q - 83, 2*q - b = b + 166. Suppose 4*k - 5*r = 77, -q = -3*k + 5*r - 29. Calculate the greatest common divisor of k and 92.
23
Let m(f) be the second derivative of f**5/20 - f**3/6 + 6*f**2 + 4*f. Let o be m(0). Suppose -3*s + 12 = -6. What is the highest common divisor of o and s?
6
Let y be (-1 - 20)*8/32*-4. Calculate the greatest common factor of 35 and y.
7
Suppose 3*v - 3*c = -2 - 1, -25 = -5*c. Suppose -v*s = 4*q - 4, 4*s - 3*q = -15 - 9. Let n be 1*(s + 2) + 21. Calculate the greatest common factor of 50 and n.
10
Suppose -j + 97 = 7. What is the highest common divisor of j and 10?
10
Let p(k) = k**2 - 8*k - 10. Let i be p(9). Let g be (1/(-3))/(i/33). Calculate the highest common divisor of g and 44.
11
Let l be 3 + 2 + (-2 - -3). Suppose -2*z + l = 0, -3*r = 3*z - 19 - 38. What is the greatest common divisor of r and 4?
4
Let l(w) be the third derivative of 5/6*w**3 + 3/8*w**4 + 0*w + 0 - 4*w**2. Let u be l(8). What is the greatest common divisor of 7 and u?
7
Let q be 2/3*(101 - 2). What is the highest common factor of 22 and q?
22
Let u be 11/((-6)/(-15) + 13/(-35)). Calculate the highest common divisor of 35 and u.
35
Let q be 246/10*(8 - 3). Let c = q + -3. Calculate the greatest common factor of 15 and c.
15
Suppose -m = -0*m - 5. Let g be 0/(-2) + m + 1. What is the greatest common divisor of g and 12?
6
Let n be 6/(0 + -2) - (-51 + 18). Calculate the highest common factor of n and 10.
10
Let j(f) = 3*f - 3. Let u be j(-15). Suppose -2*y - 2 = -0, 2*b - 5*y + 63 = 0. Let z = b - u. Calculate the highest common divisor of z and 112.
14
Suppose 2*w = -5*f + 85, 3*w + 82 = 5*w + 2*f. Calculate the highest common factor of w and 280.
40
Let f be 2 - -1*(0 + 2). Let y be 15/3 + (4 - 7). Suppose -w = y*s - 5, 4*s + 10 = f*w + 2*s. What is the greatest common divisor of w and 3?
3
Suppose 0*n + 6 = 2*n. Suppose 2*v + n*v - 520 = 0. What is the highest common divisor of v and 13?
13
Suppose 0 = 4*g + g - 270. Suppose m - g = -j, 2*j = 2 - 6. Let b be 2 + (-1 - 11)/(-2). What is the greatest common divisor of m and b?
8
Let p = -672 + 951. Calculate the greatest common divisor of p and 31.
31
Let q(f) = -f**3 + 10*f**2 - 8*f - 11. Let r be q(9). Let p be 8/(r*3/(-18)). Calculate the greatest common divisor of p and 3.
3
Let v(t) = -t**3 + 9*t**2 + 11*t - 1. Let k be v(10). Calculate the highest common divisor of k and 36.
9
Let k = -58 + 233. What is the highest common divisor of 35 and k?
35
Let o = 21 - 1. Let g(p) = 2*p + 1. Suppose -2*s - 4 = -4*s. Let f be g(s). Calculate the greatest common divisor of f and o.
5
Let h = 8 - 7. Calculate the highest common factor of 7 and h.
1
Let v = 144 - 73. Suppose 351 = -5*y + v. Let g = y - -89. What is the greatest common factor of 11 and g?
11
Let f = 155 + 32. What is the highest common divisor of f and 17?
17
Let v be (2 - -1)/((-2)/(-2)). Let t be (-2)/4 + (-28)/(-8). What is the highest common divisor of t and v?
3
Let q = 9 - -6. What is the h